{"id":46,"date":"2024-04-17T19:06:36","date_gmt":"2024-04-17T19:06:36","guid":{"rendered":"https:\/\/elated-lamarr.89-58-35-140.plesk.page\/?page_id=46"},"modified":"2024-06-04T20:58:02","modified_gmt":"2024-06-04T20:58:02","slug":"vereinsshops","status":"publish","type":"page","link":"https:\/\/staging.elated-lamarr.89-58-35-140.plesk.page\/test-clone\/vereinsshops\/","title":{"rendered":"Vereinsshops"},"content":{"rendered":"\t\t<div data-elementor-type=\"wp-page\" data-elementor-id=\"46\" class=\"elementor elementor-46\" data-elementor-post-type=\"page\">\n\t\t\t\t<div class=\"elementor-element elementor-element-fb90129 e-con-full e-flex e-con e-parent\" data-id=\"fb90129\" data-element_type=\"container\" data-settings=\"{&quot;background_background&quot;:&quot;slideshow&quot;,&quot;background_slideshow_gallery&quot;:[{&quot;id&quot;:294,&quot;url&quot;:&quot;https:\\\/\\\/elated-lamarr.89-58-35-140.plesk.page\\\/wp-content\\\/uploads\\\/2024\\\/06\\\/pexels-micaasato-1198172-scaled.jpg&quot;}],&quot;background_slideshow_loop&quot;:&quot;yes&quot;,&quot;background_slideshow_slide_duration&quot;:5000,&quot;background_slideshow_slide_transition&quot;:&quot;fade&quot;,&quot;background_slideshow_transition_duration&quot;:500}\">\n\t\t<div class=\"elementor-element elementor-element-32fe541 e-flex e-con-boxed e-con e-child\" data-id=\"32fe541\" data-element_type=\"container\">\n\t\t\t\t\t<div class=\"e-con-inner\">\n\t\t<div class=\"elementor-element elementor-element-4b2cc11 e-con-full e-flex e-con e-child\" data-id=\"4b2cc11\" data-element_type=\"container\">\n\t\t<div class=\"elementor-element elementor-element-2a684f7 e-flex e-con-boxed e-con e-child\" data-id=\"2a684f7\" data-element_type=\"container\">\n\t\t\t\t\t<div class=\"e-con-inner\">\n\t\t\t\t<div class=\"elementor-element elementor-element-576d64a elementor-widget elementor-widget-heading\" data-id=\"576d64a\" data-element_type=\"widget\" data-widget_type=\"heading.default\">\n\t\t\t\t<div class=\"elementor-widget-container\">\n\t\t\t\t\t<h2 class=\"elementor-heading-title elementor-size-default\">Dein Verein, deine Ausr\u00fcstung.<\/h2>\t\t\t\t<\/div>\n\t\t\t\t<\/div>\n\t\t\t\t<div class=\"elementor-element elementor-element-bf15fb4 elementor-widget elementor-widget-text-editor\" data-id=\"bf15fb4\" data-element_type=\"widget\" data-widget_type=\"text-editor.default\">\n\t\t\t\t<div class=\"elementor-widget-container\">\n\t\t\t\t\t\t\t\t\t<p>Dein zuverl\u00e4ssiger Partner f\u00fcr Vereinsausr\u00fcstung.\u2028<br \/>Entdecke unser Sortiment f\u00fcr deinen Verein.<\/p>\t\t\t\t\t\t\t\t<\/div>\n\t\t\t\t<\/div>\n\t\t\t\t\t<\/div>\n\t\t\t\t<\/div>\n\t\t\t\t<\/div>\n\t\t\t\t<div class=\"elementor-element elementor-element-f6489aa elementor-widget elementor-widget-shortcode\" data-id=\"f6489aa\" data-element_type=\"widget\" data-widget_type=\"shortcode.default\">\n\t\t\t\t<div class=\"elementor-widget-container\">\n\t\t\t\t\t\t\t<div class=\"elementor-shortcode\"><div class=\"multisite-overview\"><input type=\"text\" id=\"multisite-search\" placeholder=\"Verein suchen...\" oninput=\"filterSites()\"><div class=\"site-item\"><a href=\"https:\/\/staging.elated-lamarr.89-58-35-140.plesk.page\"><img decoding=\"async\" src=\"https:\/\/staging.elated-lamarr.89-58-35-140.plesk.page\/test-clone\/wp-content\/uploads\/2024\/04\/cropped-Eindruck_INTERSPORT_DE_1552039-5.png\" alt=\"Teamsport Grabert\"><h2>Teamsport Grabert<\/h2><\/a><\/div><div class=\"site-item\"><a href=\"https:\/\/staging.elated-lamarr.89-58-35-140.plesk.page\/shop-1\"><img decoding=\"async\" src=\"https:\/\/staging.elated-lamarr.89-58-35-140.plesk.page\/test-clone\/wp-content\/uploads\/sites\/2\/2024\/06\/cropped-wappen-shop-schwarz.png\" alt=\"SV Schwarz\"><h2>SV Schwarz<\/h2><\/a><\/div><div class=\"site-item\"><a href=\"https:\/\/staging.elated-lamarr.89-58-35-140.plesk.page\/shop-2\"><img decoding=\"async\" src=\"https:\/\/staging.elated-lamarr.89-58-35-140.plesk.page\/test-clone\/wp-content\/uploads\/sites\/3\/2024\/06\/wappen-shop-gruen.png\" alt=\"FC Gr\u00fcn\"><h2>FC Gr\u00fcn<\/h2><\/a><\/div><div class=\"site-item\"><a href=\"https:\/\/staging.elated-lamarr.89-58-35-140.plesk.page\/shop-3\"><img decoding=\"async\" src=\"https:\/\/staging.elated-lamarr.89-58-35-140.plesk.page\/test-clone\/wp-content\/uploads\/sites\/4\/2024\/06\/15286_2010_1030.jpg\" alt=\"TSV Blau\"><h2>TSV Blau<\/h2><\/a><\/div><div class=\"site-item\"><a href=\"https:\/\/staging.elated-lamarr.89-58-35-140.plesk.page\/shop-4\"><img decoding=\"async\" src=\"https:\/\/staging.elated-lamarr.89-58-35-140.plesk.page\/test-clone\/wp-content\/uploads\/sites\/5\/2024\/06\/wappen-shop-gruen.png\" alt=\"SG Sauter\"><h2>SG Sauter<\/h2><\/a><\/div><div class=\"site-item\"><a href=\"https:\/\/staging.elated-lamarr.89-58-35-140.plesk.page\/sgvhochdorf\"><img decoding=\"async\" src=\"https:\/\/staging.elated-lamarr.89-58-35-140.plesk.page\/test-clone\/wp-content\/uploads\/sites\/6\/2024\/06\/cropped-RumwrZ6eqOvi2uZWQC3Ltde4qM1MctV5nBWH0aWw.png\" alt=\"SGV Hochdorf\"><h2>SGV Hochdorf<\/h2><\/a><\/div><div class=\"site-item\"><a href=\"https:\/\/staging.elated-lamarr.89-58-35-140.plesk.page\/tsvboennigheimhandball\"><img decoding=\"async\" src=\"https:\/\/staging.elated-lamarr.89-58-35-140.plesk.page\/test-clone\/wp-content\/uploads\/sites\/7\/2024\/07\/cropped-TSV-Boennigheim_Wappen.png\" alt=\"TSV B\u00f6nnigheim Handball\"><h2>TSV B\u00f6nnigheim Handball<\/h2><\/a><\/div><div class=\"site-item\"><a href=\"https:\/\/staging.elated-lamarr.89-58-35-140.plesk.page\/scbibersfeld\"><img decoding=\"async\" src=\"https:\/\/staging.elated-lamarr.89-58-35-140.plesk.page\/test-clone\/wp-content\/uploads\/sites\/8\/2024\/07\/cropped-SC_Bibersfeld_sw.png\" alt=\"SC Bibersfeld\"><h2>SC Bibersfeld<\/h2><\/a><\/div><div class=\"site-item\"><a href=\"https:\/\/staging.elated-lamarr.89-58-35-140.plesk.page\/tsvweinsberghandball\"><img decoding=\"async\" src=\"https:\/\/staging.elated-lamarr.89-58-35-140.plesk.page\/test-clone\/wp-content\/uploads\/sites\/9\/2024\/09\/cropped-cropped-Shop-Wappen.png\" alt=\"TSV Weinsberg Handball\"><h2>TSV Weinsberg Handball<\/h2><\/a><\/div><\/div><\/div>\n\t\t\t\t\t\t<\/div>\n\t\t\t\t<\/div>\n\t\t\t\t\t<\/div>\n\t\t\t\t<\/div>\n\t\t\t\t<\/div>\n\t\t<div class=\"elementor-element elementor-element-3276511 e-flex e-con-boxed e-con e-parent\" data-id=\"3276511\" data-element_type=\"container\">\n\t\t\t\t\t<div class=\"e-con-inner\">\n\t\t\t\t\t<\/div>\n\t\t\t\t<\/div>\n\t\t<div class=\"elementor-element elementor-element-53a7da2 e-flex e-con-boxed e-con e-parent\" data-id=\"53a7da2\" data-element_type=\"container\">\n\t\t\t\t\t<div class=\"e-con-inner\">\n\t\t\t\t\t<\/div>\n\t\t\t\t<\/div>\n\t\t<div class=\"elementor-element elementor-element-a1db665 e-flex e-con-boxed e-con e-parent\" data-id=\"a1db665\" data-element_type=\"container\">\n\t\t\t\t\t<div class=\"e-con-inner\">\n\t\t\t\t\t<\/div>\n\t\t\t\t<\/div>\n\t\t\t\t<\/div>\n\t\t","protected":false},"excerpt":{"rendered":"<p>Dein Verein, deine Ausr\u00fcstung. Dein zuverl\u00e4ssiger Partner f\u00fcr Vereinsausr\u00fcstung.\u2028Entdecke unser Sortiment f\u00fcr deinen Verein.<\/p>\n","protected":false},"author":3,"featured_media":0,"parent":0,"menu_order":0,"comment_status":"closed","ping_status":"closed","template":"elementor_header_footer","meta":{"_acf_changed":false,"footnotes":""},"class_list":["post-46","page","type-page","status-publish","hentry"],"acf":[],"_links":{"self":[{"href":"https:\/\/staging.elated-lamarr.89-58-35-140.plesk.page\/test-clone\/wp-json\/wp\/v2\/pages\/46","targetHints":{"allow":["GET"]}}],"collection":[{"href":"https:\/\/staging.elated-lamarr.89-58-35-140.plesk.page\/test-clone\/wp-json\/wp\/v2\/pages"}],"about":[{"href":"https:\/\/staging.elated-lamarr.89-58-35-140.plesk.page\/test-clone\/wp-json\/wp\/v2\/types\/page"}],"author":[{"embeddable":true,"href":"https:\/\/staging.elated-lamarr.89-58-35-140.plesk.page\/test-clone\/wp-json\/wp\/v2\/users\/3"}],"replies":[{"embeddable":true,"href":"https:\/\/staging.elated-lamarr.89-58-35-140.plesk.page\/test-clone\/wp-json\/wp\/v2\/comments?post=46"}],"version-history":[{"count":37,"href":"https:\/\/staging.elated-lamarr.89-58-35-140.plesk.page\/test-clone\/wp-json\/wp\/v2\/pages\/46\/revisions"}],"predecessor-version":[{"id":300,"href":"https:\/\/staging.elated-lamarr.89-58-35-140.plesk.page\/test-clone\/wp-json\/wp\/v2\/pages\/46\/revisions\/300"}],"wp:attachment":[{"href":"https:\/\/staging.elated-lamarr.89-58-35-140.plesk.page\/test-clone\/wp-json\/wp\/v2\/media?parent=46"}],"curies":[{"name":"wp","href":"https:\/\/api.w.org\/{rel}","templated":true}]}}